{"id":2767,"date":"2025-10-02T16:18:51","date_gmt":"2025-10-02T14:18:51","guid":{"rendered":"https:\/\/generacja0.pl\/?page_id=2767"},"modified":"2025-10-17T21:34:12","modified_gmt":"2025-10-17T19:34:12","slug":"4-zrodla","status":"publish","type":"page","link":"https:\/\/rerxer.pl\/?page_id=2767","title":{"rendered":"4 \u0179r\u00f3d\u0142a"},"content":{"rendered":"\t\t<div data-elementor-type=\"wp-page\" data-elementor-id=\"2767\" class=\"elementor elementor-2767\">\n\t\t\t\t\t\t<section class=\"elementor-section elementor-top-section elementor-element elementor-element-3c493b0 elementor-section-boxed elementor-section-height-default elementor-section-height-default\" data-id=\"3c493b0\" data-element_type=\"section\" data-e-type=\"section\">\n\t\t\t\t\t\t<div class=\"elementor-container elementor-column-gap-default\">\n\t\t\t\t\t<div class=\"elementor-column elementor-col-100 elementor-top-column elementor-element elementor-element-50b4bdb\" data-id=\"50b4bdb\" data-element_type=\"column\" data-e-type=\"column\">\n\t\t\t<div class=\"elementor-widget-wrap elementor-element-populated\">\n\t\t\t\t\t\t<div class=\"elementor-element elementor-element-9526eed elementor-widget elementor-widget-text-editor\" data-id=\"9526eed\" data-element_type=\"widget\" data-e-type=\"widget\" data-widget_type=\"text-editor.default\">\n\t\t\t\t<div class=\"elementor-widget-container\">\n\t\t\t\t\t\t\t\t\t<div class=\"entry-content clear\" data-ast-blocks-layout=\"true\"><div class=\"wp-block-group is-layout-constrained wp-block-group-is-layout-constrained\"><h2 class=\"wp-block-heading has-text-align-center has-ast-global-color-4-color has-vivid-cyan-blue-background-color has-text-color has-background has-link-color has-large-font-size wp-elements-27ee46e31c3f1e8313400340bd3dda7a\">\u00a0\u017byczenie \u2013 CZTERY WIELKIE \u0179R\u00d3D\u0141A DO SPE\u0141NIENIA<\/h2><figure class=\"wp-block-video\"><video src=\"https:\/\/rerxer.pl\/wp-content\/uploads\/2025\/03\/Spelnienie.mp4\" poster=\"https:\/\/rerxer.pl\/wp-content\/uploads\/2025\/04\/PLAKAT-WWW.webp\" controls=\"controls\" width=\"300\" height=\"150\" data-mce-fragment=\"1\"><\/video><figcaption class=\"wp-element-caption\">SPE\u0141NIENIE<\/figcaption><\/figure><figure class=\"wp-block-video\"><video src=\"https:\/\/rerxer.pl\/wp-content\/uploads\/2025\/03\/Fulfillment.mp4\" poster=\"https:\/\/rerxer.pl\/wp-content\/uploads\/2025\/04\/PLAKAT-WWW.webp\" controls=\"controls\" width=\"300\" height=\"150\" data-mce-fragment=\"1\"><\/video><figcaption class=\"wp-element-caption\">FULFILLMENT<\/figcaption><\/figure><\/div><p>1. SPE\u0141NIENIE. 2. FULFILLMENT. Moja wsp\u00f3lnota pierwotnego \u015bwiat\u0142a wolno\u015bci w cz\u0142owieku. Wyb\u00f3r cytat\u00f3w tekst\u00f3w \u017ar\u00f3d\u0142owych czterech kultur, u\u0142o\u017conych do harmonii dzie\u0142 Wiliama Shakespeare, Ludwiga van Beethovena i Fryderyka Chopina. Moje \u017ar\u00f3d\u0142a \u201ePraw cz\u0142owieka generacji zero\u201d. CC-BY-ND. (Domena publiczna, bez zmian. Za podaniem \u017ar\u00f3d\u0142a.) Re-Rx-eR https:\/\/rerxer.pl<br \/>\u0179r\u00f3d\u0142a: grafiki w\u0142asne, z podanych \u017ar\u00f3de\u0142 i bank\u00f3w; tekst\u00f3w w napisach ko\u0144cowych; utwor\u00f3w muzycznych poni\u017cej:<br \/>Beethoven \u2013 Symphony No.9 \u2013 IV. Presto \u2013 Allegro Assai, https:\/\/musopen.org\/music\/2571-symphony-no-9-in-d-minor-op-125\/; CC PD; (Skidmore College Orchestra).<br \/>Nocturne in C sharp minor 'Lento con gran espressione\u2019, B. 49 (Op. posth.), https:\/\/musopen.org\/music\/4429-nocturne-in-c-sharp-minor-lento-con-gran-espressione-b-49-op-posth\/; CC PD; (Aaron Dunn).<br \/>Project Gutenberg https:\/\/www.gutenberg.org\/policy\/license.html.<\/p><\/div>\t\t\t\t\t\t\t\t<\/div>\n\t\t\t\t<\/div>\n\t\t\t\t\t<\/div>\n\t\t<\/div>\n\t\t\t\t\t<\/div>\n\t\t<\/section>\n\t\t\t\t<\/div>\n\t\t","protected":false},"excerpt":{"rendered":"<p>\u00a0\u017byczenie \u2013 CZTERY WIELKIE \u0179R\u00d3D\u0141A DO SPE\u0141NIENIA SPE\u0141NIENIE FULFILLMENT 1. SPE\u0141NIENIE. 2. FULFILLMENT. Moja wsp\u00f3lnota pierwotnego \u015bwiat\u0142a wolno\u015bci w cz\u0142owieku. Wyb\u00f3r cytat\u00f3w tekst\u00f3w \u017ar\u00f3d\u0142owych czterech kultur, u\u0142o\u017conych do harmonii dzie\u0142 Wiliama Shakespeare, Ludwiga van Beethovena i Fryderyka Chopina. Moje \u017ar\u00f3d\u0142a \u201ePraw cz\u0142owieka generacji zero\u201d. CC-BY-ND. (Domena publiczna, bez zmian. Za podaniem \u017ar\u00f3d\u0142a.) Re-Rx-eR https:\/\/rerxer.pl\u0179r\u00f3d\u0142a: grafiki [&hellip;]<\/p>\n","protected":false},"author":1,"featured_media":0,"parent":0,"menu_order":0,"comment_status":"closed","ping_status":"closed","template":"","meta":{"_surecart_dashboard_logo_width":"180px","_surecart_dashboard_show_logo":true,"_surecart_dashboard_navigation_orders":true,"_surecart_dashboard_navigation_invoices":true,"_surecart_dashboard_navigation_subscriptions":true,"_surecart_dashboard_navigation_downloads":true,"_surecart_dashboard_navigation_billing":true,"_surecart_dashboard_navigation_account":true,"_uag_custom_page_level_css":"","site-sidebar-layout":"right-sidebar","site-content-layout":"page-builder","ast-site-content-layout":"full-width-container","site-content-style":"boxed","site-sidebar-style":"default","ast-global-header-display":"","ast-banner-title-visibility":"","ast-main-header-display":"","ast-hfb-above-header-display":"","ast-hfb-below-header-display":"","ast-hfb-mobile-header-display":"","site-post-title":"","ast-breadcrumbs-content":"","ast-featured-img":"disabled","footer-sml-layout":"","ast-disable-related-posts":"","theme-transparent-header-meta":"","adv-header-id-meta":"","stick-header-meta":"","header-above-stick-meta":"","header-main-stick-meta":"","header-below-stick-meta":"","astra-migrate-meta-layouts":"set","ast-page-background-enabled":"default","ast-page-background-meta":{"desktop":{"background-color":"","background-image":"","background-repeat":"repeat","background-position":"center center","background-size":"auto","background-attachment":"scroll","background-type":"","background-media":"","overlay-type":"","overlay-color":"","overlay-opacity":"","overlay-gradient":""},"tablet":{"background-color":"","background-image":"","background-repeat":"repeat","background-position":"center center","background-size":"auto","background-attachment":"scroll","background-type":"","background-media":"","overlay-type":"","overlay-color":"","overlay-opacity":"","overlay-gradient":""},"mobile":{"background-color":"","background-image":"","background-repeat":"repeat","background-position":"center center","background-size":"auto","background-attachment":"scroll","background-type":"","background-media":"","overlay-type":"","overlay-color":"","overlay-opacity":"","overlay-gradient":""}},"ast-content-background-meta":{"desktop":{"background-color":"var(--ast-global-color-5)","background-image":"","background-repeat":"repeat","background-position":"center center","background-size":"auto","background-attachment":"scroll","background-type":"","background-media":"","overlay-type":"","overlay-color":"","overlay-opacity":"","overlay-gradient":""},"tablet":{"background-color":"var(--ast-global-color-5)","background-image":"","background-repeat":"repeat","background-position":"center center","background-size":"auto","background-attachment":"scroll","background-type":"","background-media":"","overlay-type":"","overlay-color":"","overlay-opacity":"","overlay-gradient":""},"mobile":{"background-color":"var(--ast-global-color-5)","background-image":"","background-repeat":"repeat","background-position":"center center","background-size":"auto","background-attachment":"scroll","background-type":"","background-media":"","overlay-type":"","overlay-color":"","overlay-opacity":"","overlay-gradient":""}},"footnotes":""},"class_list":["post-2767","page","type-page","status-publish","hentry"],"aioseo_notices":[],"uagb_featured_image_src":{"full":false,"thumbnail":false,"medium":false,"medium_large":false,"large":false,"1536x1536":false,"2048x2048":false,"woocommerce_thumbnail":false,"woocommerce_single":false,"woocommerce_gallery_thumbnail":false},"uagb_author_info":{"display_name":"admin-e4tUYuMy","author_link":"https:\/\/rerxer.pl\/?author=1"},"uagb_comment_info":0,"uagb_excerpt":"\u00a0\u017byczenie \u2013 CZTERY WIELKIE \u0179R\u00d3D\u0141A DO SPE\u0141NIENIA SPE\u0141NIENIE FULFILLMENT 1. SPE\u0141NIENIE. 2. FULFILLMENT. Moja wsp\u00f3lnota pierwotnego \u015bwiat\u0142a wolno\u015bci w cz\u0142owieku. Wyb\u00f3r cytat\u00f3w tekst\u00f3w \u017ar\u00f3d\u0142owych czterech kultur, u\u0142o\u017conych do harmonii dzie\u0142 Wiliama Shakespeare, Ludwiga van Beethovena i Fryderyka Chopina. Moje \u017ar\u00f3d\u0142a \u201ePraw cz\u0142owieka generacji zero\u201d. CC-BY-ND. (Domena publiczna, bez zmian. Za podaniem \u017ar\u00f3d\u0142a.) Re-Rx-eR https:\/\/rerxer.pl\u0179r\u00f3d\u0142a: grafiki&hellip;","jetpack_sharing_enabled":true,"_links":{"self":[{"href":"https:\/\/rerxer.pl\/index.php?rest_route=\/wp\/v2\/pages\/2767","targetHints":{"allow":["GET"]}}],"collection":[{"href":"https:\/\/rerxer.pl\/index.php?rest_route=\/wp\/v2\/pages"}],"about":[{"href":"https:\/\/rerxer.pl\/index.php?rest_route=\/wp\/v2\/types\/page"}],"author":[{"embeddable":true,"href":"https:\/\/rerxer.pl\/index.php?rest_route=\/wp\/v2\/users\/1"}],"replies":[{"embeddable":true,"href":"https:\/\/rerxer.pl\/index.php?rest_route=%2Fwp%2Fv2%2Fcomments&post=2767"}],"version-history":[{"count":0,"href":"https:\/\/rerxer.pl\/index.php?rest_route=\/wp\/v2\/pages\/2767\/revisions"}],"wp:attachment":[{"href":"https:\/\/rerxer.pl\/index.php?rest_route=%2Fwp%2Fv2%2Fmedia&parent=2767"}],"curies":[{"name":"wp","href":"https:\/\/api.w.org\/{rel}","templated":true}]}}