{"id":2746,"date":"2025-10-02T16:01:55","date_gmt":"2025-10-02T14:01:55","guid":{"rendered":"https:\/\/generacja0.pl\/?page_id=2746"},"modified":"2026-03-22T13:03:13","modified_gmt":"2026-03-22T12:03:13","slug":"moja-walka-z-behawiorem-panstwa","status":"publish","type":"page","link":"https:\/\/rerxer.pl\/?page_id=2746","title":{"rendered":"Moja walka z &#8222;behawiorem&#8221; pa\u0144stwa"},"content":{"rendered":"\t\t<div data-elementor-type=\"wp-page\" data-elementor-id=\"2746\" class=\"elementor elementor-2746\">\n\t\t\t\t\t\t<section class=\"elementor-section elementor-top-section elementor-element elementor-element-b5e8d17 elementor-section-boxed elementor-section-height-default elementor-section-height-default\" data-id=\"b5e8d17\" data-element_type=\"section\" data-e-type=\"section\">\n\t\t\t\t\t\t<div class=\"elementor-container elementor-column-gap-default\">\n\t\t\t\t\t<div class=\"elementor-column elementor-col-100 elementor-top-column elementor-element elementor-element-436894c\" data-id=\"436894c\" data-element_type=\"column\" data-e-type=\"column\">\n\t\t\t<div class=\"elementor-widget-wrap elementor-element-populated\">\n\t\t\t\t\t\t<div class=\"elementor-element elementor-element-f435f12 elementor-widget elementor-widget-text-editor\" data-id=\"f435f12\" data-element_type=\"widget\" data-e-type=\"widget\" data-widget_type=\"text-editor.default\">\n\t\t\t\t<div class=\"elementor-widget-container\">\n\t\t\t\t\t\t\t\t\t<div class=\"entry-content clear\" data-ast-blocks-layout=\"true\"><h4>Moja walka z narkoprodukcj\u0105 pa\u0144stwa i jego instytucji.<\/h4><p>My\u015ble\u0107 realnie o \u017ar\u00f3d\u0142ach, przyczynach i skutkach uzale\u017cnienia, leczenia i warunk\u00f3w produkcji tych chor\u00f3b, zacz\u0105\u0142em od ok. roku 1991. W\u0119drowa\u0142em po Polsce przez kilka lat i uczy\u0142em si\u0119 od r\u00f3\u017cnych ludzi r\u00f3\u017cnych stan\u00f3w, spraw i rzeczy. By\u0142o ci\u0119\u017cko i g\u0142upio, nikt nic nie wiedzia\u0142, a terapie r\u00f3\u017cnej ma\u015bci powtarza\u0142y, \u017ce wszystko to moja odpowiedzialno\u015b\u0107 i na moj\u0105 odpowiedzialno\u015b\u0107. W 1997 i 1998r zanios\u0142em swoje uwagi do PARPY\u00a0 Dyr. Jerzego Mellibrudy. Z tego okresu pochodzi m\u00f3j pierwszy pomys\u0142 na \u201e<strong>\u015aMIERTELNE PU\u0141APKI \u017bYCIOWE<\/strong>\u201d i motto wolno\u015bci od narkotyku i jego uwarunkowa\u0144: \u201e<strong>\u015awiadomo\u015b\u0107 i Wolno\u015b\u0107, czyli:<\/strong> J<strong>estem cz\u0142owiekiem, kt\u00f3ry chce prze\u017cy\u0107 \u017cycie tak, jakim si\u0119 urodzi\u0142. A nie musi, bo si\u0119 takim urodzi\u0142<\/strong>\u201e. Tak\u017ce pierwszy pomys\u0142 na moje Dwa Soko\u0142y i plakat Serca i Rozumu, jeszcze w\u00f3wczas w r\u00f3wnych cz\u0119\u015bciach:<\/p><p><img decoding=\"async\" class=\"wp-image-3037 size-full aligncenter\" src=\"https:\/\/rerxer.pl\/wp-content\/uploads\/2025\/10\/2sokoly.png\" alt=\"2 soko\u0142y\" width=\"90\" height=\"86\" title=\"Moja walka z &quot;behawiorem&quot; pa\u0144stwa\"><\/p><p>\u00a0W roku 2003 z\u0142o\u017cy\u0142em skarg\u0119 do Prokuratury w Warszawie, na na ustawow\u0105 liberalizacj\u0119 marketingu alkoholu, bo pojawi\u0142o si\u0119 pierwsze kuriozalne has\u0142o marketingowe: \u201eAlkohol dla zdrowych i doros\u0142ych\u201d, tylko bez odpowiedzi autora \u2013 jako co? Sko\u0144czy\u0142o si\u0119 w S\u0105dzie Rejonowym w Warszawie moj\u0105 przegran\u0105, a poza spraw\u0105 i protoko\u0142em dowiedzia\u0142em si\u0119, \u017ce jak mi si\u0119 nie podoba, to mog\u0119 siedzie\u0107 w piwnicy.<\/p><p>W taki spos\u00f3b przedstawia\u0142em to a\u017c do 2009r i prymitywnej akcji medialno-terapeutycznej, pt. <a href=\"https:\/\/generacja0.pl\/wp-content\/uploads\/2025\/10\/Narkopolacy-2009.pdf\" target=\"_blank\" rel=\"noopener\">Narkopolacy 2009<\/a>. Po tym sformu\u0142owa\u0142em moje pierwsze propozycje dla Ministerstwa Zdrowia, kt\u00f3re s\u0105 niezmienne do dzi\u015b, a kt\u00f3re zosta\u0142y odrzucone jako nie do przyj\u0119cia, potwierdzone przez \u00f3wczesnego Premiera rz\u0105du RP. Z\u0142o\u017cy\u0142em wi\u0119c Pozew cywilny II C 607\/10 z wnioskami dowodowymi,\u00a0 na taki op\u00f3r pa\u0144stwa do rozwi\u0105zania problemu\u00a0 ju\u017c oficjalny, z wst\u0119pnym oszacowaniem mojego zado\u015b\u0107uczynienia. Sprawa II C 607\/10 w S\u0105dzie Okr\u0119gowym w Warszawie trwa\u0142a do 2013 r., z moj\u0105 przegran\u0105 r\u00f3wnie\u017c apelacj\u0105 Aca 594\/11 oraz odmow\u0105 kasacji, z powodu wycofania si\u0119 wyznaczonego prawnika. Z\u0142o\u017cy\u0142em petycj\u0119 do PE Petycja-PE-nr-0839\/2013 oraz skarg\u0119 do <a href=\"https:\/\/generacja0.pl\/wp-content\/uploads\/2025\/10\/etpc-4812-13.pdf\">ETPC 4812\/13<\/a>, kt\u00f3ra r\u00f3wnie\u017c zosta\u0142y odrzucone.\u00a0<\/p><\/div>\t\t\t\t\t\t\t\t<\/div>\n\t\t\t\t<\/div>\n\t\t\t\t\t<\/div>\n\t\t<\/div>\n\t\t\t\t\t<\/div>\n\t\t<\/section>\n\t\t\t\t<section class=\"elementor-section elementor-top-section elementor-element elementor-element-7493d76 elementor-section-boxed elementor-section-height-default elementor-section-height-default\" data-id=\"7493d76\" data-element_type=\"section\" data-e-type=\"section\">\n\t\t\t\t\t\t<div class=\"elementor-container elementor-column-gap-default\">\n\t\t\t\t\t<div class=\"elementor-column elementor-col-100 elementor-top-column elementor-element elementor-element-f44513f\" data-id=\"f44513f\" data-element_type=\"column\" data-e-type=\"column\">\n\t\t\t<div class=\"elementor-widget-wrap elementor-element-populated\">\n\t\t\t\t\t\t<div class=\"elementor-element elementor-element-fdeb4d0 elementor-widget elementor-widget-video\" data-id=\"fdeb4d0\" data-element_type=\"widget\" data-e-type=\"widget\" data-settings=\"{&quot;youtube_url&quot;:&quot;https:\\\/\\\/www.youtube.com\\\/shorts\\\/4bzLtc5jm1c&quot;,&quot;video_type&quot;:&quot;youtube&quot;,&quot;controls&quot;:&quot;yes&quot;}\" data-widget_type=\"video.default\">\n\t\t\t\t<div class=\"elementor-widget-container\">\n\t\t\t\t\t\t\t<div class=\"elementor-wrapper elementor-open-inline\">\n\t\t\t<div class=\"elementor-video\"><\/div>\t\t<\/div>\n\t\t\t\t\t\t<\/div>\n\t\t\t\t<\/div>\n\t\t\t\t\t<\/div>\n\t\t<\/div>\n\t\t\t\t\t<\/div>\n\t\t<\/section>\n\t\t\t\t<section class=\"elementor-section elementor-top-section elementor-element elementor-element-e98c53d elementor-section-boxed elementor-section-height-default elementor-section-height-default\" data-id=\"e98c53d\" data-element_type=\"section\" data-e-type=\"section\">\n\t\t\t\t\t\t<div class=\"elementor-container elementor-column-gap-default\">\n\t\t\t\t\t<div class=\"elementor-column elementor-col-100 elementor-top-column elementor-element elementor-element-6f4f7ec\" data-id=\"6f4f7ec\" data-element_type=\"column\" data-e-type=\"column\">\n\t\t\t<div class=\"elementor-widget-wrap elementor-element-populated\">\n\t\t\t\t\t\t<div class=\"elementor-element elementor-element-e78f998 elementor-widget elementor-widget-text-editor\" data-id=\"e78f998\" data-element_type=\"widget\" data-e-type=\"widget\" data-widget_type=\"text-editor.default\">\n\t\t\t\t<div class=\"elementor-widget-container\">\n\t\t\t\t\t\t\t\t\t<div class=\"entry-content clear\" data-ast-blocks-layout=\"true\"><p>Po takim oporze r\u00f3wnie\u017c mi\u0119dzynarodowym wycofa\u0142em si\u0119, by zbada\u0107 te zakl\u0119cia o szcz\u0119\u015bciu dla wszystkich i takim traktowaniu os\u00f3b, kt\u00f3re nie ze swojej winy \u2013 bo uwarunkowa\u0144 zdrowotnych \u2013 s\u0105 tak skazywane przez spo\u0142ecze\u0144stwo i pa\u0144stwo- bardzo g\u0142upio i nieodpowiedzialnie, wr\u0119cz prymitywnie i wrednie. Objawi\u0142a\u00a0 si\u0119 wreszcie konstrukcja tego kr\u00f3lestwa, w kt\u00f3rej na samym szczycie Narkotyk jest \u201es\u0142odkim\u201d kr\u00f3lem \u2013 celem, do kt\u00f3rego Ignorancja zmierza na swoich potwornych skrzyd\u0142ach \u2013 Bezlitosnej Przemocy i Bezwzgl\u0119dnego Zysku.<\/p><p><img fetchpriority=\"high\" decoding=\"async\" class=\"wp-image-3038 size-medium aligncenter\" src=\"https:\/\/rerxer.pl\/wp-content\/uploads\/2025\/10\/Czarna-krolowa-1-300x238.png\" alt=\"czarna kr\u00f3lowa\" width=\"300\" height=\"238\" title=\"Moja walka z &quot;behawiorem&quot; pa\u0144stwa\" srcset=\"https:\/\/rerxer.pl\/wp-content\/uploads\/2025\/10\/Czarna-krolowa-1-300x238.png 300w, https:\/\/rerxer.pl\/wp-content\/uploads\/2025\/10\/Czarna-krolowa-1-600x475.png 600w, https:\/\/rerxer.pl\/wp-content\/uploads\/2025\/10\/Czarna-krolowa-1.png 650w\" sizes=\"(max-width: 300px) 100vw, 300px\" \/><\/p><\/div><div class=\"entry-content clear\" data-ast-blocks-layout=\"true\"><p>Przez nast\u0119pne lata szuka\u0142em swych \u017ar\u00f3de\u0142 we wszystkich mo\u017cliwych i sensownych materia\u0142ach i kulturach. Odnalaz\u0142em \u017ar\u00f3d\u0142a i z\u0142ego i dobrego w r\u00f3\u017cnych kulturach, chrze\u015bcija\u0144skiej, buddyjskiej, taoistycznej oraz staro\u017cytnego Egiptu S\u0142onecznej kultury Atuma-Re-Ozyrysa. Kt\u00f3re opracowuj\u0119 i zaczynam ju\u017c publikowa\u0107 niekt\u00f3re teksty, a jest jeszcze troch\u0119 tego pi\u0119knego materia\u0142u do redakcji i publikacji. I st\u0105d m\u00f3j pomys\u0142 POKOLENIA ZERO \u2013 pokolenia czystego od ka\u017cdego narkotyku i tw\u00f3rc\u00f3w \u201eGENERACJI ZERO\u201d od modelu odnalezionego w\u0142adcy staro\u017cytnego Egiptu o imieniu \u201eDwa Soko\u0142y\u201d, jako najlepsza alternatywa na ka\u017cdy narkotyk: w\u0142adzy, pieni\u0119dzy, swego Ja, emocji, alkoholu i innych narkotyk\u00f3w. Tu ju\u017c krystalizowa\u0142y si\u0119 powoli sfery Rozumu i Serca na koronie \u017cycia,\u00a0 mniejszy Umys\u0142 i wi\u0119ksze Serce:<\/p><p><img decoding=\"async\" class=\"wp-image-3036 size-medium aligncenter\" src=\"https:\/\/rerxer.pl\/wp-content\/uploads\/2025\/10\/2s-300x135.png\" alt=\"2s\" width=\"300\" height=\"135\" title=\"Moja walka z &quot;behawiorem&quot; pa\u0144stwa\" srcset=\"https:\/\/rerxer.pl\/wp-content\/uploads\/2025\/10\/2s-300x135.png 300w, https:\/\/rerxer.pl\/wp-content\/uploads\/2025\/10\/2s.png 532w\" sizes=\"(max-width: 300px) 100vw, 300px\" \/><\/p><p>Obecnie z jednej strony sprawa produkcji patologii koncentruje si\u0119 na sformu\u0142owanej skardze do <a href=\"https:\/\/rerxer.pl\/wp-content\/uploads\/2025\/10\/NIK-skarga-oprawstwo-narkotykowe-panstwa.pdf\" target=\"_blank\" rel=\"noopener\">NIK<\/a>. W dziedzinie zapewnienia warunk\u00f3w w\u0142a\u015bciwego leczenia toczy si\u0119 sprawa w ZUS Lublin i S\u0105dzie Ubezpiecze\u0144 VIII U 905\/24. Pozostaje trzecia sfera realizacji \u017ar\u00f3de\u0142 tw\u00f3rc\u00f3w kultury cz\u0142owieka, jako najlepsza i najczystsza realizacja alternatywy, dla ka\u017cdego narkotyku. A\u017c do <a href=\"https:\/\/rerxer.pl\/wp-content\/uploads\/2026\/02\/Kot-Niemca.pdf\" target=\"_blank\" rel=\"noopener\">poznania bram \u017cycia<\/a>. Czas, by rozpocz\u0105\u0107 takie co\u015b uczciwe, obiektywne i w\u0142a\u015bciwe.<\/p><h5><strong>M\u00f3j <a href=\"https:\/\/rerxer.pl\/?page_id=2740\" target=\"_blank\" rel=\"noopener\">Instytut Skazanych przez Natur\u0119 i \u201eKultur\u0119\u201d<\/a>.<\/strong><\/h5><\/div>\t\t\t\t\t\t\t\t<\/div>\n\t\t\t\t<\/div>\n\t\t\t\t\t<\/div>\n\t\t<\/div>\n\t\t\t\t\t<\/div>\n\t\t<\/section>\n\t\t\t\t<section class=\"elementor-section elementor-top-section elementor-element elementor-element-19c6303 elementor-section-boxed elementor-section-height-default elementor-section-height-default\" data-id=\"19c6303\" data-element_type=\"section\" data-e-type=\"section\" data-settings=\"{&quot;background_background&quot;:&quot;classic&quot;}\">\n\t\t\t\t\t\t<div class=\"elementor-container elementor-column-gap-default\">\n\t\t\t\t\t<div class=\"elementor-column elementor-col-50 elementor-top-column elementor-element elementor-element-a31f334\" data-id=\"a31f334\" data-element_type=\"column\" data-e-type=\"column\">\n\t\t\t<div class=\"elementor-widget-wrap elementor-element-populated\">\n\t\t\t\t\t\t<div class=\"elementor-element elementor-element-b28325f elementor-widget elementor-widget-text-editor\" data-id=\"b28325f\" data-element_type=\"widget\" data-e-type=\"widget\" data-widget_type=\"text-editor.default\">\n\t\t\t\t<div class=\"elementor-widget-container\">\n\t\t\t\t\t\t\t\t\t<h5 style=\"text-align: center;\"><a href=\"https:\/\/pomagam.pl\/pokolenie-zero\" target=\"_blank\" rel=\"noopener\"><span style=\"color: #ff0000;\">Wspieraj wolno\u015b\u0107 od narkotyku<\/span><\/a><\/h5>\t\t\t\t\t\t\t\t<\/div>\n\t\t\t\t<\/div>\n\t\t\t\t<div class=\"elementor-element elementor-element-b41480c elementor-widget elementor-widget-text-editor\" data-id=\"b41480c\" data-element_type=\"widget\" data-e-type=\"widget\" data-widget_type=\"text-editor.default\">\n\t\t\t\t<div class=\"elementor-widget-container\">\n\t\t\t\t\t\t\t\t\t<p style=\"text-align: center;\"><a href=\"https:\/\/pomagam.pl\/pokolenie-zero\" target=\"_blank\" rel=\"noopener\"><strong>Dla Pokolenia-Zero narkotyku<\/strong><\/a><\/p><p style=\"text-align: center;\"><a href=\"http:\/\/pomagam.pl\/pokolenie-zero\" target=\"_blank\" rel=\"noopener\"><strong>pomagam.pl\/pokolenie-zero<\/strong><\/a><\/p>\t\t\t\t\t\t\t\t<\/div>\n\t\t\t\t<\/div>\n\t\t\t\t\t<\/div>\n\t\t<\/div>\n\t\t\t\t<div class=\"elementor-column elementor-col-50 elementor-top-column elementor-element elementor-element-669186d\" data-id=\"669186d\" data-element_type=\"column\" data-e-type=\"column\">\n\t\t\t<div class=\"elementor-widget-wrap elementor-element-populated\">\n\t\t\t\t\t\t<div class=\"elementor-element elementor-element-1ea0b6e elementor-widget elementor-widget-image\" data-id=\"1ea0b6e\" data-element_type=\"widget\" data-e-type=\"widget\" data-widget_type=\"image.default\">\n\t\t\t\t<div class=\"elementor-widget-container\">\n\t\t\t\t\t\t\t\t\t\t\t\t\t\t\t<img loading=\"lazy\" decoding=\"async\" width=\"150\" height=\"150\" src=\"https:\/\/rerxer.pl\/wp-content\/uploads\/2025\/10\/QR_412905-1-150x150.png\" class=\"attachment-thumbnail size-thumbnail wp-image-3039\" alt=\"qr 412905\" srcset=\"https:\/\/rerxer.pl\/wp-content\/uploads\/2025\/10\/QR_412905-1-150x150.png 150w, https:\/\/rerxer.pl\/wp-content\/uploads\/2025\/10\/QR_412905-1-300x300.png 300w, https:\/\/rerxer.pl\/wp-content\/uploads\/2025\/10\/QR_412905-1-768x768.png 768w, https:\/\/rerxer.pl\/wp-content\/uploads\/2025\/10\/QR_412905-1-600x600.png 600w, https:\/\/rerxer.pl\/wp-content\/uploads\/2025\/10\/QR_412905-1-100x100.png 100w, https:\/\/rerxer.pl\/wp-content\/uploads\/2025\/10\/QR_412905-1.png 820w\" sizes=\"(max-width: 150px) 100vw, 150px\" title=\"Moja walka z &quot;behawiorem&quot; pa\u0144stwa\">\t\t\t\t\t\t\t\t\t\t\t\t\t\t\t<\/div>\n\t\t\t\t<\/div>\n\t\t\t\t\t<\/div>\n\t\t<\/div>\n\t\t\t\t\t<\/div>\n\t\t<\/section>\n\t\t\t\t<\/div>\n\t\t","protected":false},"excerpt":{"rendered":"<p>Moja walka z narkoprodukcj\u0105 pa\u0144stwa i jego instytucji. My\u015ble\u0107 realnie o \u017ar\u00f3d\u0142ach, przyczynach i skutkach uzale\u017cnienia, leczenia i warunk\u00f3w produkcji tych chor\u00f3b, zacz\u0105\u0142em od ok. roku 1991. W\u0119drowa\u0142em po Polsce przez kilka lat i uczy\u0142em si\u0119 od r\u00f3\u017cnych ludzi r\u00f3\u017cnych stan\u00f3w, spraw i rzeczy. By\u0142o ci\u0119\u017cko i g\u0142upio, nikt nic nie wiedzia\u0142, a terapie r\u00f3\u017cnej [&hellip;]<\/p>\n","protected":false},"author":1,"featured_media":0,"parent":0,"menu_order":0,"comment_status":"closed","ping_status":"closed","template":"","meta":{"_surecart_dashboard_logo_width":"180px","_surecart_dashboard_show_logo":true,"_surecart_dashboard_navigation_orders":true,"_surecart_dashboard_navigation_invoices":true,"_surecart_dashboard_navigation_subscriptions":true,"_surecart_dashboard_navigation_downloads":true,"_surecart_dashboard_navigation_billing":true,"_surecart_dashboard_navigation_account":true,"_uag_custom_page_level_css":"","site-sidebar-layout":"right-sidebar","site-content-layout":"page-builder","ast-site-content-layout":"full-width-container","site-content-style":"boxed","site-sidebar-style":"default","ast-global-header-display":"","ast-banner-title-visibility":"disabled","ast-main-header-display":"","ast-hfb-above-header-display":"","ast-hfb-below-header-display":"","ast-hfb-mobile-header-display":"","site-post-title":"","ast-breadcrumbs-content":"","ast-featured-img":"disabled","footer-sml-layout":"","ast-disable-related-posts":"","theme-transparent-header-meta":"","adv-header-id-meta":"","stick-header-meta":"","header-above-stick-meta":"","header-main-stick-meta":"","header-below-stick-meta":"","astra-migrate-meta-layouts":"set","ast-page-background-enabled":"default","ast-page-background-meta":{"desktop":{"background-color":"","background-image":"","background-repeat":"repeat","background-position":"center center","background-size":"auto","background-attachment":"scroll","background-type":"","background-media":"","overlay-type":"","overlay-color":"","overlay-opacity":"","overlay-gradient":""},"tablet":{"background-color":"","background-image":"","background-repeat":"repeat","background-position":"center center","background-size":"auto","background-attachment":"scroll","background-type":"","background-media":"","overlay-type":"","overlay-color":"","overlay-opacity":"","overlay-gradient":""},"mobile":{"background-color":"","background-image":"","background-repeat":"repeat","background-position":"center center","background-size":"auto","background-attachment":"scroll","background-type":"","background-media":"","overlay-type":"","overlay-color":"","overlay-opacity":"","overlay-gradient":""}},"ast-content-background-meta":{"desktop":{"background-color":"var(--ast-global-color-5)","background-image":"","background-repeat":"repeat","background-position":"center center","background-size":"auto","background-attachment":"scroll","background-type":"","background-media":"","overlay-type":"","overlay-color":"","overlay-opacity":"","overlay-gradient":""},"tablet":{"background-color":"var(--ast-global-color-5)","background-image":"","background-repeat":"repeat","background-position":"center center","background-size":"auto","background-attachment":"scroll","background-type":"","background-media":"","overlay-type":"","overlay-color":"","overlay-opacity":"","overlay-gradient":""},"mobile":{"background-color":"var(--ast-global-color-5)","background-image":"","background-repeat":"repeat","background-position":"center center","background-size":"auto","background-attachment":"scroll","background-type":"","background-media":"","overlay-type":"","overlay-color":"","overlay-opacity":"","overlay-gradient":""}},"footnotes":""},"class_list":["post-2746","page","type-page","status-publish","hentry"],"aioseo_notices":[],"uagb_featured_image_src":{"full":false,"thumbnail":false,"medium":false,"medium_large":false,"large":false,"1536x1536":false,"2048x2048":false,"woocommerce_thumbnail":false,"woocommerce_single":false,"woocommerce_gallery_thumbnail":false},"uagb_author_info":{"display_name":"admin-e4tUYuMy","author_link":"https:\/\/rerxer.pl\/?author=1"},"uagb_comment_info":0,"uagb_excerpt":"Moja walka z narkoprodukcj\u0105 pa\u0144stwa i jego instytucji. My\u015ble\u0107 realnie o \u017ar\u00f3d\u0142ach, przyczynach i skutkach uzale\u017cnienia, leczenia i warunk\u00f3w produkcji tych chor\u00f3b, zacz\u0105\u0142em od ok. roku 1991. W\u0119drowa\u0142em po Polsce przez kilka lat i uczy\u0142em si\u0119 od r\u00f3\u017cnych ludzi r\u00f3\u017cnych stan\u00f3w, spraw i rzeczy. By\u0142o ci\u0119\u017cko i g\u0142upio, nikt nic nie wiedzia\u0142, a terapie r\u00f3\u017cnej&hellip;","jetpack_sharing_enabled":true,"_links":{"self":[{"href":"https:\/\/rerxer.pl\/index.php?rest_route=\/wp\/v2\/pages\/2746","targetHints":{"allow":["GET"]}}],"collection":[{"href":"https:\/\/rerxer.pl\/index.php?rest_route=\/wp\/v2\/pages"}],"about":[{"href":"https:\/\/rerxer.pl\/index.php?rest_route=\/wp\/v2\/types\/page"}],"author":[{"embeddable":true,"href":"https:\/\/rerxer.pl\/index.php?rest_route=\/wp\/v2\/users\/1"}],"replies":[{"embeddable":true,"href":"https:\/\/rerxer.pl\/index.php?rest_route=%2Fwp%2Fv2%2Fcomments&post=2746"}],"version-history":[{"count":27,"href":"https:\/\/rerxer.pl\/index.php?rest_route=\/wp\/v2\/pages\/2746\/revisions"}],"predecessor-version":[{"id":3659,"href":"https:\/\/rerxer.pl\/index.php?rest_route=\/wp\/v2\/pages\/2746\/revisions\/3659"}],"wp:attachment":[{"href":"https:\/\/rerxer.pl\/index.php?rest_route=%2Fwp%2Fv2%2Fmedia&parent=2746"}],"curies":[{"name":"wp","href":"https:\/\/api.w.org\/{rel}","templated":true}]}}